ime factors of p?
2, 29
Suppose 5*s = 3*i + 22, 0 = -4*s - 0*s - 3*i - 4. Suppose -j + 7 = 5*p, 4*j = -s*p - 0*j - 8. Suppose p*r + 69 = 5*r. List the prime factors of r.
23
Suppose 5*j - 3*b + 31 = 0, 6*j - 3*b + 11 = 5*j. Let g = 136 + j. List the prime factors of g.
131
Suppose -6*f + f - 4*p = -1025, 5*f = 4*p + 985. Suppose 5*l = 2*l + f. List the prime factors of l.
67
Let a = -30 + 33. Suppose -4*b + 65 = 3*j, -a*j + 14 = -2*b - 57. List the prime factors of j.
23
Suppose 3*y - 59 = 2*z, -4*z + 3 = -y + 6. Let t(d) = 3*d - 6. Let f be t(9). Let s = f + y. What are the prime factors of s?
2, 11
Let x(u) = 18*u**2 - 40*u + 305. What are the prime factors of x(10)?
5, 11, 31
Let t be 6 + 1 - (-6 - -1). Let n = 30 + -19. Suppose -n*l + t*l - 69 = 0. List the prime factors of l.
3, 23
Let t be 3 + (-3 - 0/(2/2)). What are the prime factors of (3 + t - 2) + 11?
2, 3
Let t(q) = 2*q**3 - 3*q**2 + 3*q - 1. Let x be t(2). Suppose -u = -46 + x. What are the prime factors of u?
37
Let q(u) = 6*u**2 + 5*u - 10. Let a be q(-5). Suppose 0*t = t - a. Let o = t - 56. List the prime factors of o.
59
Let y(p) be the second derivative of 2*p**3/3 + 4*p**2 + p. Suppose -469*c - 36 = -475*c. List the prime factors of y(c).
2
Suppose -2*o + 3*v + 3321 = 0, 0 = -5*o - 2*v - 201 + 8494. List the prime factors of o.
3, 7, 79
What are the prime factors of -2*((-5181)/15)/(2/5)?
11, 157
What are the prime factors of 16233/30 + (-1)/10?
541
Let w(h) = -h**2 - 19*h + 29. Let t be w(-24). Let f = t - -98. What are the prime factors of f?
7
Suppose -53*g = -47*g - 2958. List the prime factors of g.
17, 29
Let r be 29 - -3*4/(-6). Let y = 13 - r. List the prime factors of (-262)/y + 2/7.
19
Let r(s) = -48*s - 12. Let d be r(-11). Suppose -7*w = -4*w - d. What are the prime factors of w?
2, 43
Let p(o) = o**3 + o**2 - o + 12. Let m be p(0). Suppose y + 2*y = m. What are the prime factors of -2 + y + -3 - -4?
3
List the prime factors of 759 - (-7)/((-42)/6).
2, 379
List the prime factors of (155/3)/((-12 + 1)/(-561)).
5, 17, 31
Suppose -12*c = 32*c - 22352. What are the prime factors of c?
2, 127
Let p(j) = 4*j**2 - 28. What are the prime factors of p(10)?
2, 3, 31
Let g = 464 + 257. What are the prime factors of g?
7, 103
Suppose 0 = c + 3 - 1. List the prime factors of (-90)/(-15) + 4/c.
2
Let b = 68 + -38. Suppose 3*q + 6 = 4*k + b, 0 = -5*q - 5*k + 5. List the prime factors of q.
2
Let l(q) = 46*q - 10. Let a(i) = -31*i + 7. Let x(j) = -7*a(j) - 5*l(j). Let h be x(-1). Let d = h - -8. What are the prime factors of d?
2, 11
Let x(g) = -g**3 - 12*g**2 + 13*g - 1. Let d be x(-13). Let f = -10 + 3. Let o = d - f. What are the prime factors of o?
2, 3
Let n(u) = -u**2 - 9*u - 4. Suppose 7*k + 24 = 3*k. Let l be n(k). Let m = 26 - l. What are the prime factors of m?
2, 3
Suppose 0 = h - 5*k + 2, -4*h + 4*k = -0*h - 8. Suppose h*w + 4*w = 35. What are the prime factors of w?
5
Suppose 7*i = 3*i + 12. Suppose j - 12 = i*u, -16 = 2*j + 6*u - 2*u. Suppose -v = -1 + 3, 3*c + 3*v - 24 = j. What are the prime factors of c?
2, 5
Suppose 3*f + 3*o = -99, -2*f - 3*o - 23 = 48. Let w = 52 + f. Let z = w - 4. List the prime factors of z.
2, 5
Suppose -5*a - 2*c + 12 = -0*a, 0 = 2*a - 4*c. Suppose 0 = 9*z - 19*z. Suppose z = -p + a*p - 26. What are the prime factors of p?
2, 13
Suppose 0 = 36*x - 29*x - 1855. List the prime factors of x.
5, 53
Let w(r) = r**2 - r. Let a be w(-2). Suppose 3*i + 2*i + 3*y = -255, -i + 5*y = 23. List the prime factors of (a/12)/((-2)/i).
2, 3
Suppose -5*n - 16 = -36. Suppose 0*v - 240 = -n*v. What are the prime factors of v?
2, 3, 5
Let u = -55 - -95. Suppose -3*z + 80 = 3*o - u, 0 = z. What are the prime factors of o?
2, 5
Let z = -13 - -23. Let s = 8 - z. What are the prime factors of 14 - (4 - s)/(-3)?
2
Let o = 1166 + -829. What are the prime factors of o?
337
Let s(p) = p**3 - 12*p**2 + 3*p + 17. Let x be s(11). Let k = x + 217. What are the prime factors of k?
2, 73
Let c(p) = -p**3 - 13*p**2 + 3*p + 6. Let w(x) = -x**3 - 12*x**2 + 3*x + 7. Let a(s) = 2*c(s) - 3*w(s). Let h be a(-10). List the prime factors of 42/4*98/h.
7
Suppose 9102 = 2*n - 4*y + 3*y, 5*y = -3*n + 13640. List the prime factors of n.
2, 5, 7, 13
Suppose g = -3*g + 2568. Let d = 308 - g. List the prime factors of d/(-10) - 2/5.
3, 11
Let x(t) = 2*t + 10. Let u be x(5). Let n = u + 24. List the prime factors of n.
2, 11
Let z be (-2146)/(-4) - 21/(-14). Suppose 3*g + 2*g - 4*d = z, -g + 108 = -d. What are the prime factors of g?
2, 53
Suppose -2*d + 23 = -k - 0*k, -5*d + 15 = 0. Let u = 210 + k. List the prime factors of u.
193
Let r = 6 - 4. Let h = 1 + r. Suppose -4*q - 2*v = -2*q - 16, 0 = h*v - 3. List the prime factors of q.
7
Suppose -n = 2*n - 30. Let l = 100 + -92. List the prime factors of n/2 - (l - 11).
2
Suppose 15*q = 11*q. Suppose v + q*v - 37 = 0. What are the prime factors of v?
37
Let b = 8 + 7. Suppose 0 = -4*u + f + 27 - 6, -f = -3*u + b. Suppose 3*z + 45 = u*z. What are the prime factors of z?
3, 5
What are the prime factors of 187289/368 + (-2)/(-32)?
509
Suppose 0 = 2*o + 16. List the prime factors of (-472)/(-12) - o/12.
2, 5
Let b = -2570 - -3637. What are the prime factors of b?
11, 97
Let w(i) = -12*i + 24*i - 9*i - 6 + 24. Suppose 4*v = -v + 75. List the prime factors of w(v).
3, 7
Let w(t) = -16*t**3 - 11*t**2 - 4*t + 3. What are the prime factors of w(-4)?
3, 17
Let f = -31 - -32. Suppose -2 - f = -3*l. List the prime factors of -28*(l + -2 - 1).
2, 7
Let l = -18 - -21. Suppose 4*t - 96 = -3*n - 19, -5*t + 100 = l*n. What are the prime factors of t?
23
Let x(v) = v**2 + 7*v - 5. Let w be x(-8). Suppose -w*k - 5 = -20. What are the prime factors of k*(-1 - -3)/2?
5
Let x(z) = -z**2 - 7*z - 8. Let g be x(-4). List the prime factors of 2704/(-8)*((-6)/g - -1).
13
Let z(k) be the third derivative of -k**6/120 - k**5/4 - 3*k**4/4 + 11*k**3/3 + 37*k**2. List the prime factors of z(-14).
2, 3, 13
Let d = 155 - 221. Let m = d - -99. What are the prime factors of m?
3, 11
Let j be 1 + (3/6 - 1/(-2)). Suppose -5*d + h = -2*h - 499, -j*d = h - 204. List the prime factors of d.
101
Suppose -17 = 4*s - z + 158, 6 = 2*z. Let n = 81 + -11. Let y = s + n. List the prime factors of y.
3
Let j(o) = -83*o - 112. What are the prime factors of j(-7)?
7, 67
Suppose 12*b + 3148 = 14*b + p, 5*b + 3*p = 7869. What are the prime factors of b?
3, 5, 7
Let t = 8562 + -4673. List the prime factors of t.
3889
Let u = -24 + 27. Suppose -3*c - u = t, -c = c - 2*t - 6. Suppose -2*v - 2*v + 116 = c. What are the prime factors of v?
29
List the prime factors of (-130207)/(-63) - 5 - 10/(-45).
2, 1031
Let k be (1 + -4)/(3/(-11)). Suppose s - 7 = -k. Let b(o) = -2*o**3 - 5*o**2 + 2*o + 1. What are the prime factors of b(s)?
41
Suppose 2*s + 0 = 4. Suppose 0*k - 272 = -s*u - 4*k, 164 = u - 5*k. What are the prime factors of u?
2, 3
Suppose 2*v + 724 = 2*a, 0 = -3*a + 5*v - 8*v + 1068. What are the prime factors of a?
359
Suppose 10*c + 27 = 9*c. Let y = 169 + c. List the prime factors of y.
2, 71
Suppose -54*i - 3908 + 116444 = 0. List the prime factors of i.
2, 521
Let o = 52 + -48. Suppose 0*u - c = o*u - 95, 4*c - 12 = 0. List the prime factors of u.
23
Suppose 0 = o - 1, 0*q = -4*q + 4*o + 80. List the prime factors of q.
3, 7
Let w(n) = 10*n - 2. Suppose 18 = 3*l - 0*d - 5*d, -d - 6 = -l. Let x be w(l). Suppose -f + 192 = 3*f - 2*b, 3*b = f - x. List the prime factors of f.
2, 23
List the prime factors of 430/86*(-1306)/20*-2.
653
Let p(g) = 10*g - 15. Let x = -53 + 56. List the prime factors of p(x).
3, 5
Let p(s) = -39*s - 16. Let b be p(-9). Suppose 0*i = -5*i + b. What are the prime factors of i?
67
List the prime factors of (4 + 5 + 736)/1.
5, 149
Let g be ((-23)/3)/((-9)/189). What are the prime factors of -5 + (g - (1 + -1))?
2, 3, 13
Let q = -106 + 166. Let v = 208 - q. List the prime factors of v.
2, 37
Suppose 4872 = -11*o + 18*o. Let v = o + -438. List the prime factors of v.
2, 3, 43
Let t(k) = k**3 - 7*k**2 + k + 95. Let m(g) = -g**2. Let a(x) = -6*m(x) + t(x). List the prime factors of a(0).
5, 19
Let c(o) = 10*o - 8. Let l be c(8). Let f be (-9 - 1)*l/30. What are the prime factors of (f/14)/((-1)/7)?
2, 3
Let g(c) be the first derivative of -1/3*c**3 + c - 3/2*c**4 